. Let c = h + 37. Suppose -2*l + l - 5*j = -991, -3964 = -4*l - c*j. Is l composite?
False
Suppose q - 3*q = -5*q. Suppose f - 4*f + 4539 = w, 0 = -4*w + 2*f + 18114. Suppose 4*s - w = -q*s - 5*i, -s = 4*i - 1127. Is s a composite number?
True
Suppose -5*p - b + 611 = 0, 167 = -b + 163. Is p a composite number?
True
Let v(i) = -6*i - 20. Let g be v(-4). Suppose -7*z - 5*z = -4*z. Suppose -5*p + 10*q = 6*q - 19151, -2*p + g*q + 7658 = z. Is p prime?
False
Suppose -2*j + 291 = j. Suppose 6*q = 10*q - 12. Suppose q*x + j = 4*x. Is x a prime number?
True
Let f(g) = -1552*g - 27 + 17 - 47 + 419*g. Is f(-12) a prime number?
False
Let k = 123559 + 690140. Suppose -k = -12*q - 343167. Is q a prime number?
False
Suppose 6*d + 182 = -472. Let r = 113 + d. Suppose -6150 = -r*f - 1282. Is f prime?
True
Let c = 252 - 246. Suppose c*l + 5*l = 46937. Is l a composite number?
True
Suppose k = d - 517898, -311*d + 316*d = k + 2589502. Is d a composite number?
False
Suppose 6949*k - 6902*k - 6386407 = 0. Is k prime?
False
Is 14/(-6)*113672208/(-1456) prime?
True
Let m(w) = -w**3 - 9*w**2 + 24*w - 9. Let p be m(-23). Let q = 3716 + p. Is q a prime number?
False
Suppose 41600992 = 83*h + 11809719. Is h a prime number?
True
Let m(g) = 4*g**3 + 58*g**2 + 52*g + 59. Is m(31) prime?
True
Let z(g) = 33*g**2 + 8*g - 46. Let f be z(-10). Let w = -1391 + f. Is w a composite number?
False
Suppose 0 = -60*b + 20*b - 2498600. Is 9/(-6) - -1*b/(-10) a prime number?
False
Suppose 4*k - 3*k + 3*k = 0. Let l be k + (-3 - 1 - -925). Suppose -x - 2*x = -l. Is x a composite number?
False
Let l(a) = 1338*a**2 - 2*a + 131. Is l(-5) composite?
True
Suppose 395 + 10928 = p - 5296. Is p a composite number?
False
Suppose -99 = 5*p - 4*l, 0*l = p - 2*l + 15. Let f = 82 + p. Suppose f*d = 56*d + 663. Is d prime?
False
Let y = 295982 - 143821. Is y a composite number?
True
Let t(i) = 65*i + 103. Let m(h) = 130*h + 209. Let s(b) = 2*m(b) - 5*t(b). Is s(-6) prime?
True
Suppose -2*s + 29 = -5*k, 5*s + 2*k = -0*k. Let l = -941 + 1001. Is ((-1)/s)/((-2)/l) a prime number?
False
Suppose -24 = 5*q - 39. Suppose -3*n + 3*p + 0*p - 21360 = 0, -3*n - q*p - 21366 = 0. Let j = -3484 - n. Is j a composite number?
False
Let f(j) = -j**2 + 9*j - 16. Let p be f(6). Let z(d) = -d + 37 - 67 + 8*d**p + 43. Is z(-8) prime?
False
Let g(v) = v**2 - 3*v + 6. Let m be 108/24*(-2)/(-3). Let t be g(m). Is (2540/t)/(2/3) composite?
True
Let k(j) = 20*j - 136. Let q be k(7). Suppose q*m - p = 2*m + 35040, 5*m - 4*p = 87603. Is m a prime number?
True
Let t be (-10)/4*(28/(-4) + 1). Suppose 0 = 3*c + t, -3*f = -c - 4475 - 4788. Is f a prime number?
False
Let y(b) = 920*b**3 + 3*b**2 + 3*b - 7. Is y(3) prime?
False
Suppose 4*w - 5*k = 15854 + 20038, -4*k - 16 = 0. Let x = w - -1291. Is x a composite number?
False
Is 4 - ((-138566 - 2) + 13) prime?
True
Let p be (-27)/5*(-90)/6. Let o = p + -74. Suppose -4*w + 5*x - o*x = -558, 0 = w + 3*x - 142. Is w composite?
False
Let k(u) = -u**3 + 2*u**2 + u + 4687. Let o be k(0). Let n = 8254 + o. Is n a prime number?
True
Let c = 37 + -39. Let g be (4 - c/(-1))/1. Suppose 4*b + g*r = -r + 605, 4*b = -5*r + 611. Is b prime?
True
Suppose 35*o - 36*o = -21. Let i be o/(3 - (2 - 0)). Suppose -4*s + 295 + i = 0. Is s composite?
False
Let r = -651 - 626. Let h = 282 - r. Is h composite?
False
Let u(z) = z**3 - 8*z**2 - 10*z. Let p be u(6). Let f = -595 - -938. Let g = p + f. Is g a prime number?
True
Suppose 2*f - 3*b - 25 = 0, 2*b = 194*f - 193*f - 15. Suppose 4*l + 173 - 3258 = -3*r, f*r - l = 5157. Is r a composite number?
False
Suppose -6*t - 5*t + 44 = 0. Suppose 3*c + 611 = t*v, 2*v - 467 = -v + 4*c. Is v a prime number?
True
Let w(s) be the second derivative of s**5/20 + s**4/2 + s**3/6 - 10*s**2 + 19*s. Let r be w(-5). Suppose -b + r*b = -109. Is b composite?
False
Suppose -n = n + 3*y - 83, -4*y - 36 = -n. Suppose -5*s = -u + 4*u, -5*u = -5*s - n. Is 634/s*(-4 + 15/6) a composite number?
False
Suppose -2*g - 3*g + 2*g = 0. Suppose g = -2*r - 13 + 11. Is 4 - (r + -367 + 5) a prime number?
True
Let g = 16 + -9. Let w(j) = -4*j**3 + 3*j**2 + 8*j - 8. Let x(s) = 3*s**3 - s**2 - 8*s + 7. Let r(k) = -4*w(k) - 5*x(k). Is r(g) a prime number?
True
Let g(d) = d**3 - 11*d**2 + 19*d - 7. Let m be g(9). Let q be (1/m)/((8 - 5)/12). Suppose 2*c - 3675 = -y, -c - q*c = -2*y + 7336. Is y a prime number?
True
Let h be 39/65 + (-1 - (-561)/15). Let f(m) = 46*m - 225. Is f(h) a prime number?
False
Is ((-310955)/10 + -15)/((-1)/2) a prime number?
False
Suppose 0 = -241*q + 404*q - 21635153. Is q prime?
False
Suppose 3*l = 5*h - 10161, -583 = -l + 4*h - 3977. Let q = 2022 + l. Let m = q + 2282. Is m prime?
False
Let v = 121 - 116. Suppose 0 = 13*f - v*f. Let r(g) = -g**2 - g + 869. Is r(f) a prime number?
False
Let c(s) = 10013*s**2 + 23*s - 83. Is c(4) a prime number?
True
Suppose -219686533 = -544*r + 270677787. Is r composite?
True
Let w(d) = 9*d**3 + 79*d**2 - 90*d - 16. Let h(o) = -13*o**3 - 119*o**2 + 135*o + 23. Let q(u) = -5*h(u) - 7*w(u). Is q(-22) a prime number?
True
Let k(h) = -1906*h - 13. Let p be k(-2). Suppose -p = -d + 2*r, -d - 2*d = -r - 11407. Is d composite?
False
Let u = 16 - 39. Let v = -23 - u. Suppose v = -3*a + 273 - 18. Is a a composite number?
True
Suppose -3*h = -h + 3*l - 7, 2*h = -5*l + 9. Let d(i) be the second derivative of 167*i**3/6 + 3*i**2/2 - 36*i. Is d(h) composite?
False
Let m(j) = 2*j + 32. Let k be m(-14). Suppose -4*y + 2*y = -4*q + 1890, -2382 = -5*q - k*y. Suppose 3*b + q = 6*b. Is b prime?
False
Let p(b) = -127*b + 39. Let h be p(-8). Let r be ((-39)/(-54) + 4/(-18))*0. Suppose -6*i + i + h = r. Is i a composite number?
False
Suppose 2*c + 5*v - 29 = 0, -c + 38 = c + 2*v. Suppose 8 = c*s - 18*s. Suppose -s*k = 300 - 886. Is k prime?
True
Let h be 0/((2 - 3) + -1). Suppose -x + h*x = -1866. Suppose 2*f - 3696 = 2*u, f = -0*f - 5*u + x. Is f a composite number?
True
Suppose -5*m - 625 = -605. Let u(d) = 51*d**2 + 13*d + 25. Is u(m) composite?
True
Is (3/(72/2039696))/((-2)/(-18)*6) prime?
True
Suppose -2958698 = -598*n + 593*n + 3*v, 5*n = -3*v + 2958692. Is n prime?
True
Suppose 0*z = -2*z. Let v be 542*(8/20 - (-1)/10). Suppose c - 364 - v = z. Is c prime?
False
Let i be (-243)/162 - (-30)/4. Suppose 2233 = 5*q + i*l - 10*l, 4*l - 461 = -q. Is q a prime number?
True
Is (0 - (-2)/(-4))*1*-78902 a prime number?
True
Let k(t) = 8*t**2 + 65*t + 29. Let z(d) = -2*d**2 - 16*d - 7. Let y(p) = -2*k(p) - 9*z(p). Let m be y(13). Suppose 4*j - 2857 = -m. Is j prime?
False
Is ((-65)/26 + 3)*212 composite?
True
Let z(t) = 9004*t - 917. Is z(4) prime?
True
Let u(m) = 28*m**3 - 25*m**2 + 157*m - 2585. Is u(24) a prime number?
False
Let q(s) be the third derivative of -73*s**4/8 + s**3/3 - 2*s**2. Let f be q(-10). Suppose -4*z = -1356 - f. Is z prime?
True
Let p be 49/14 - (-2)/(-4). Suppose -5*c = -y + 223, -p*c + y = -y + 131. Is 0 + 12363/12 - c/60 a prime number?
True
Suppose 175*t - 168*t = 52955. Suppose 9*x = -8*x + t. Is x a composite number?
True
Let y(l) = l**2 - 9*l + 17. Let v be y(7). Suppose -5*n + v*x = -121, 3*n - 6 = -5*x + 87. Is (-1)/2 + 8489/n composite?
True
Suppose 4*m - 63 = -1991. Let h = 527 - m. Is h a composite number?
False
Let z be 0/(-2)*(-1 + 2). Is (-3416 - 14/7)/(z + -2) composite?
False
Let s(a) = 435*a**3 - 3*a**2 + 17. Let w be s(-4). Let n = -4268 - w. Is n prime?
True
Let s = 1793164 + -563279. Is s composite?
True
Suppose 5*u + 413 = 5*s + 4*u, 3*u + 160 = 2*s. Suppose s*n = 73*n + 392090. Is n a prime number?
True
Suppose -35411 - 103348 = -23*r. Let o = -1950 + r. Is o a prime number?
False
Let f(g) be the third derivative of 11*g**2 + 5/24*g**4 + 0 + 41/60*g**5 + 0*g + 1/2*g**3. Is f(4) a composite number?
True
Suppose -20*o - 18 = -11*o. Let l(f) = 1 + 302*f**2 + 6*f + 0*f + f. Is l(o) a prime number?
False
Suppose 28 = -7*g + 21. Is (2/g)/(-2) - (-156020)/29 a composite number?
False
Suppose 0 = -57*v + 59*v - 32. Is 10 - (-567)/(-56) - (-5394)/v prime?
True
Suppose 5*c - 32672 - 8388 = 0. Suppose 14*z - 16*z = -c. Let h = z + -903. Is h a prime number?
True
Let s be 6/2 - (-5648)/(-2). Let o be s/(-4) + 1/(-4). Suppose -2*p - p + o = 0. Is p prime?
False
Let a(d) = d**3 - 35*d**2 - 34*d - 70. Let t be a(36). Suppose t